he third derivative of 0 + 3*d**2 + 0*d - d**3 - 1/6*d**4. Determine p(-4).
10
Suppose 7*o = 4*o + 9. Let j = 3 - o. Suppose -3*g = 3*t + 18, -t + 3*g + 5 + 1 = j. Let x(m) = -m**3 - 5*m**2 - m + 4. Determine x(t).
-11
Suppose -5*a = -5*g + g - 29, 5*g = -4*a - 26. Let m be g/(-10) + (-9)/15. Let r(j) = -j - 2. Calculate r(m).
-2
Suppose 4*z + 5*h + 3 = 2, 3*z - 4*h = -24. Let j(t) be the third derivative of 0*t + 2/3*t**3 - 1/6*t**4 - 3*t**2 - 1/60*t**5 + 0. Determine j(z).
4
Let y(t) be the third derivative of -t**5/60 - t**4/8 + t**2. Let f be 1/(14/5 + -3). What is y(f)?
-10
Let f(r) = r**3 + 2*r**2 + r + 4. Let n(y) = y**3 + 3*y**2 + y + 4. Let q(j) = -4*f(j) + 3*n(j). Let g be -4 - -4 - (5 - -2). Let d = g - -7. What is q(d)?
-4
Let y(n) = -n. Let d(m) = -12*m. Let l(o) = -d(o) + 5*y(o). Let j(f) = f**2 - 2*f - 2. Let u be j(3). What is l(u)?
7
Let k(m) = 20*m**2 + 6*m - 6. Let r(a) = -19*a**2 - 5*a + 5. Let t(g) = -4*k(g) - 5*r(g). Calculate t(1).
15
Let q(i) = i + 9. Let y be 5 + -3 + (0 - -1). Let u = -1 - y. Determine q(u).
5
Let q(u) be the first derivative of -u**4/4 + 2*u**3 - u**2/2 - u - 3. Determine q(6).
-7
Let v(l) = 7*l + 4. Let y(w) = -4*w - 2. Let s(t) = -3*v(t) - 5*y(t). Suppose 3*d = 5*a + 8 + 5, 0 = -4*a + 5*d - 13. Determine s(a).
0
Let g(z) be the third derivative of 1/60*z**5 + 1/8*z**4 + 0 - 8*z**2 + 0*z - 2/3*z**3. Give g(-3).
-4
Let a(q) = q**3 - 6*q**2 + q + 6. Let x = -22 + 27. What is a(x)?
-14
Let w(f) = f**3 - 4*f**2 - 4*f + 1. Let b(r) = -r**3 - 11*r**2 - 10*r + 5. Suppose -5*a - 26 - 24 = 0. Let p be b(a). Calculate w(p).
6
Let p(a) = -a - 3. Let g(m) = -2 + 1 + 0. Let v(i) = -g(i) + p(i). Let b be (1/(-2))/((-3)/(-6)). Determine v(b).
-1
Let t(d) = 9*d + 4 + 0 + 1 + d**2. Let y be (17/34)/((-1)/12). Give t(y).
-13
Let a(r) be the third derivative of -r**5/60 + 5*r**4/24 - r**3/3 + 37*r**2. What is a(3)?
4
Let h = -11 - -5. Let m = h + 7. Let q(c) = -c**2 + 6 - 5 + 0*c**2 + 7*c**3. Calculate q(m).
7
Let v(x) be the second derivative of x**4/12 - x**3/6 - x**2 + 11*x. What is v(0)?
-2
Suppose 0 = -s - 3*q + 4, 0*q + 1 = q. Let x = s - 3. Let c(i) = i**3 + 2*i**2 - 3*i - 3. Calculate c(x).
3
Let g(d) = 2*d + 0*d + 0 - 4 + 0*d. What is g(-5)?
-14
Let u(b) = b**2 + b + 2. Let l = -5 + 7. Suppose 4*q + 5*g = -6, 5*g = 3*q - l*q + 14. Let m(y) = -y**2 - 5*y - 4. Let f be m(q). What is u(f)?
2
Let x = 58 - 30. Suppose -2*d + x = -0*d. Let i(u) = -2 + 14*u - d*u - u**2. Determine i(0).
-2
Let u(l) = 17*l - 13. Let o(q) = 8*q - 6. Let b(d) = 13*o(d) - 6*u(d). Let g(h) = h**2 - h. Let r be g(1). Suppose 2*y + 3*j + 3 = 1, -2*j = r. Determine b(y).
-2
Suppose 2*f = -3*t - 17, 0 = -0*f - 2*f - 5*t - 23. Let u(k) be the second derivative of -k**3/3 - 2*k**2 - 2*k. Calculate u(f).
4
Let k be 2/(-12) - (-315)/(-54). Let g(m) = m**3 + 6*m**2 - m + 1. Give g(k).
7
Let k be (-6)/1*33/22. Let x(g) = g**3 + 8*g**2 - 10*g - 4. Calculate x(k).
5
Let l(r) = -r - 3. Let j be l(-3). Let s(a) be the first derivative of 1/3*a**3 + 6*a + 3 + 0*a**2. Calculate s(j).
6
Let o(m) = -m**2 - 5*m + 4 - 2 - 5 + 8*m. Calculate o(3).
-3
Suppose -2*z + 7*z = 0. Let l(a) = a**2 + 2*a + 2. Let h(t) = -5*t**2 - 9*t - 9. Suppose 0 = -2*g - 3*g - 10. Let i(q) = g*h(q) - 9*l(q). Calculate i(z).
0
Let l(j) = -j**3 + 5*j**2 - 4*j + 2. Let n be l(4). Suppose 2*k - 4*d = 3*k - 15, -2*k + 2*d = 0. Let z(b) = -1 - b**2 + 4*b - k*b - n*b. Determine z(2).
-7
Let m(t) = -5*t - 29 + 3 - 6*t + 10*t. Calculate m(0).
-26
Suppose -y + 0*s - 2*s - 16 = 0, -11 = y + s. Let c(f) = f**3 + 6*f**2 + f + 7. Give c(y).
1
Let m(a) = 4*a - 2*a**3 + 2 - a + 2*a**2 - 4*a**2. What is m(-2)?
4
Let o(u) be the third derivative of u**4/12 - u**3 - u**2. Let x = 164 + -158. What is o(x)?
6
Let r(q) = 8*q**3 + q**2. Let d(j) = 3*j - 11 + 28 - 12 - j. Let w be d(-3). Determine r(w).
-7
Suppose -6 = 3*f - 2*l, -l - 3 = -2*l. Let w(b) be the second derivative of 1/2*b**2 - 1/6*b**3 + 3*b + f. Determine w(2).
-1
Let s = 15 + -13. Let m(a) = -a**s + 5*a**2 + a**2 + 6 + 3*a - 4*a**2. Calculate m(-4).
10
Let o(m) = -m**2 - 7*m + 7. Let i(b) = -b**2 - 8*b + 2. Let f be i(-9). What is o(f)?
7
Let s(b) be the first derivative of b**2/2 + 2. Suppose -2*d = 3*k + 8, -2*k + 18 = -d - d. Let u = -8 - d. Determine s(u).
-1
Suppose 2*j = -3*j + 15. Let b(i) = j*i - i + 1 - 3. Suppose 2*g - 4 = 2. Determine b(g).
4
Let p be (-117)/(-52)*8/3. Let s(q) = q - 13. Calculate s(p).
-7
Let k(t) be the second derivative of -t**5/24 + t**4/8 + 4*t**3/3 - 9*t. Let g(u) be the second derivative of k(u). Determine g(2).
-7
Let b(d) = d**2 - 5*d - 2. Let s be (8/(-10))/(-2) - 414/(-90). Calculate b(s).
-2
Let s(g) = -g**3 + g**2 + g + 1. Suppose -5*x + 2*a = 4, 2*x + 6 = -0*x + 3*a. Give s(x).
1
Let s(o) = o - 5. Let h be ((-8)/(-24))/(1/15). Give s(h).
0
Let y = 2 - -2. Suppose 3*j - y = 2. Let q(r) = 4*r - 4*r - j*r. What is q(3)?
-6
Let l(g) = -3 + 22*g**2 - 44*g**2 - 10*g + 21*g**2. Give l(-9).
6
Suppose 0 = 3*d + 3, -5*d = 4*n + 20 + 1. Let a(m) = 2*m**2 + 6*m. Give a(n).
8
Let d(a) = 7 - 5*a**2 + 2*a**3 - 11*a + 11*a - 8*a**3 + 7*a**3. Let q = 2 + -6. Let k = q + 9. Give d(k).
7
Let l(z) be the third derivative of z**6/120 + z**4/24 - z**3/3 + 16*z**2. Give l(-2).
-12
Suppose -2*o = -2*w - 10, -4 - 16 = 4*w - 2*o. Let m(j) = -18 - 5*j + j + 21 + 2*j - j**3 - 5*j**2. Determine m(w).
13
Let u(r) be the second derivative of -1/6*r**3 - 1/12*r**4 + 3/2*r**2 - 2*r + 0. Let b(h) = -h**3 + 3*h**2 - 3*h + 2. Let p be b(2). Calculate u(p).
3
Let n(v) be the third derivative of 0 + 0*v + 1/12*v**5 - 1/6*v**3 - 1/120*v**6 - 1/12*v**4 + 3*v**2. Determine n(4).
7
Let j = 20 - 18. Suppose 0 = -2*t + 1 + 5. Let n(l) = l**j - 9 + 5*l**2 + 10 - l**t - 6*l. Calculate n(5).
-4
Let j(u) = 0 + 0 - 6 - u. What is j(-4)?
-2
Let m(t) = 5*t + 2*t - 1 + 0 - t. What is m(-1)?
-7
Let h(m) be the third derivative of -m**8/6720 - m**7/2520 + m**5/30 - m**4/8 + m**2. Let l(x) be the second derivative of h(x). Give l(0).
4
Let v(r) = -7*r**3 - 6*r**2 - 6*r - 10. Let l(n) = 20*n**3 + 17*n**2 + 17*n + 29. Let w(k) = 6*l(k) + 17*v(k). Give w(0).
4
Let f(w) = w**3 - 3*w**2 + 2*w - 5. Suppose -18 + 22 = j. Calculate f(j).
19
Let f = -2 - -1. Let t = -4 + -2. Let k(g) = -3*g**2 + 2*g - 5. Let y(h) = 5*h**2 - 4*h + 9. Let d(i) = t*y(i) - 11*k(i). Determine d(f).
2
Let t(q) = q - 17. Let o be t(15). Let k(r) = 4*r**2 + 2*r + 2. Calculate k(o).
14
Let w(a) = 35 + 34 + 10*a**2 - 2*a**2 - 70. Determine w(1).
7
Let g be (-7)/(-1)*4/14. Suppose 6*z = g*z + 8. Let u(k) = -z*k**2 + k**2 + 2*k - 1 - k + k. Calculate u(1).
0
Let n(h) be the first derivative of -h**2/2 - 2*h - 16. Calculate n(5).
-7
Let h(u) = 2*u - 8. Suppose -2*d + s + 3*s = -20, 4*d = 5*s + 34. Calculate h(d).
4
Let o(t) = 2*t**2 - t. Let g be (-5)/(((-2)/14)/1). Let z be 165/g - 4/(-14). Suppose -z = -2*f + 7*f. Determine o(f).
3
Let p = 14 - 7. Let l = -8 + p. Let r(x) = -x. What is r(l)?
1
Let g(o) = 1 - 4*o + 2*o - 2. Let p be 1 - -1*(-2)/2. Suppose -4*j - 5 - 7 = p. Calculate g(j).
5
Suppose 4*p - 3*z = 9, 2*p + 1 = 3*p - z. Let x(j) = p*j + j**2 + 1 + 1 + 0 - 3. Calculate x(-6).
-1
Let h(t) = -6*t**3 + t**2 + 3*t - 7. Let o(x) = x**3 + 1. Let w(l) = -h(l) - 5*o(l). Let f be 2*(5 + 1 + -2). Let i be f/6*(-18)/(-12). Determine w(i).
0
Let s(w) = -2*w - 9. Let f be 0/((-1)/(-1)) - -14. Let a(b) = b - 5. Let t be a(9). Suppose f = -3*l - t. Calculate s(l).
3
Let o = -4 - -8. Let a be (-2 - 0) + (-6)/(-2). Let g(p) = 0*p - a - 2 + 3*p. What is g(o)?
9
Suppose 2*n + 1 - 3 = 0. Let k(l) = 4*l - 1. Determine k(n).
3
Let g = 4 + -3. Let r = -2 - g. Let t(a) = a**2 + 2*a. Calculate t(r).
3
Let i(v) = -20*v**2 - 6. Suppose 2*p - 11 = 3. Let b(t) = -19*t**2 - 5. Let u(y) = p*b(y) - 6*i(y). Determine u(1).
-12
Let j be (-7)/(-7) + (1 - 5). Let p(m) be the first derivative of -2*m**2 - 4*m + 1. Calculate p(j).
8
Let l be (-2 - (-5 + 2))*6. Suppose t + 5*b + l = -7, -5*b = 10. Let c(d) be the third derivative of -d**6/120 - d**5/60 + 5*d**4/24 + d**3/3 - d**2. Give c(t).
5
Let l = 3 - 0. Let u(a) = 10*a - 5*a + 10*a**l - 5*a. What is u(1)?
10
Let b(j) = 0 - 4 - 2*j**2 + j + j**2. Suppose 4 + 6 = 5*n. Suppose o = 4*s - 2, 3*s + o + n = -0. Determine b(s).
-4
Suppose -3*c + 5 = -4. Let l(i) 